{"id":1057,"date":"2014-02-14T07:35:35","date_gmt":"2014-02-14T07:35:35","guid":{"rendered":"http:\/\/www.olidemallorca.es\/contacte-2\/"},"modified":"2024-11-12T13:59:17","modified_gmt":"2024-11-12T13:59:17","slug":"contact","status":"publish","type":"page","link":"https:\/\/www.olidemallorca.es\/en\/contact\/","title":{"rendered":"Contact"},"content":{"rendered":"<p>[symple_column size=&#8221;one-half&#8221; position=&#8221;first&#8221;]<br \/>\n<span style=\"color: #5f6736; font-size: large;\"><strong>Consell Regulador de la Denominaci\u00f3 d&#8217;Origen<br \/>\nOli de Mallorca<\/strong><\/span><\/p>\n<p><!--StartFragment--><\/p>\n<p>Carrer Guillem Bujosa Rossell\u00f3, 1A 1r-4a<br \/>\n07320 Santa Maria del Cam\u00ed<br \/>\nTel. 871 030 769<\/p>\n<p><a href=\"mailto:info@olidemallorca.es\"> info@olidemallorca.es\u00a0<\/a><\/p>\n<p><!--EndFragment--><\/p>\n<p>&nbsp;<\/p>\n<p>&nbsp;<\/p>\n","protected":false},"excerpt":{"rendered":"<p>[symple_column size=&#8221;one-half&#8221; position=&#8221;first&#8221;] Consell Regulador de la Denominaci\u00f3 d&#8217;Origen Oli de Mallorca Carrer Guillem Bujosa Rossell\u00f3, 1A 1r-4a 07320 Santa Maria del Cam\u00ed Tel. 871 030 769 info@olidemallorca.es\u00a0 &nbsp; &nbsp;<\/p>\n","protected":false},"author":1,"featured_media":0,"parent":0,"menu_order":0,"comment_status":"open","ping_status":"closed","template":"","meta":{"_acf_changed":false,"footnotes":""},"class_list":["post-1057","page","type-page","status-publish","hentry"],"acf":[],"_links":{"self":[{"href":"https:\/\/www.olidemallorca.es\/en\/wp-json\/wp\/v2\/pages\/1057"}],"collection":[{"href":"https:\/\/www.olidemallorca.es\/en\/wp-json\/wp\/v2\/pages"}],"about":[{"href":"https:\/\/www.olidemallorca.es\/en\/wp-json\/wp\/v2\/types\/page"}],"author":[{"embeddable":true,"href":"https:\/\/www.olidemallorca.es\/en\/wp-json\/wp\/v2\/users\/1"}],"replies":[{"embeddable":true,"href":"https:\/\/www.olidemallorca.es\/en\/wp-json\/wp\/v2\/comments?post=1057"}],"version-history":[{"count":10,"href":"https:\/\/www.olidemallorca.es\/en\/wp-json\/wp\/v2\/pages\/1057\/revisions"}],"predecessor-version":[{"id":11869,"href":"https:\/\/www.olidemallorca.es\/en\/wp-json\/wp\/v2\/pages\/1057\/revisions\/11869"}],"wp:attachment":[{"href":"https:\/\/www.olidemallorca.es\/en\/wp-json\/wp\/v2\/media?parent=1057"}],"curies":[{"name":"wp","href":"https:\/\/api.w.org\/{rel}","templated":true}]}}

<p>[symple_column size=&#8221;one-half&#8221; position=&#8221;first&#8221;]<br />
<span style="color: #5f6736; font-size: large;"><strong>Consell Regulador de la Denominació d&#8217;Origen<br />
Oli de Mallorca</strong></span></p>
<p><!--StartFragment--></p>
<p>Carrer Guillem Bujosa Rosselló, 1A 1r-4a<br />
07320 Santa Maria del Camí<br />
Tel. 871 030 769</p>
<p><a href="mailto:info@olidemallorca.es"> info@olidemallorca.es </a></p>
<p><!--EndFragment--></p>
<p>&nbsp;</p>
<p>&nbsp;</p>

<p>[symple_column size=&#8221;one-half&#8221; position=&#8221;first&#8221;] Consell Regulador de la Denominació d&#8217;Origen Oli de Mallorca Carrer Guillem Bujosa Rosselló, 1A 1r-4a 07320 Santa Maria del Camí Tel. 871 030 769 info@olidemallorca.es  &nbsp; &nbsp;</p>
